rivative of -2/3*v**4 - 1/6*v**3 - 87*v + 1/20*v**5 + 0 + 5/2*v**2. Give c(8).
-3
Let u(k) = -k**2 - k + 2. Let d = -35 + 65. Let h(j) = 35 - 11 + d - 3*j. Let s be h(19). Calculate u(s).
-4
Let r(i) = 5*i + 9. Let d(f) be the first derivative of -f**3/3 + 3*f**2 - 3*f - 4. Let c be d(0). Let l be r(c). Let h(m) = -m - 7. Calculate h(l).
-1
Let c(y) = -3*y - 8. Let a(k) = -16*k - 41. Let l(z) = 2*a(z) - 11*c(z). Suppose 60 - 4 = -m + 3*w, 94 = -2*m - 3*w. Let v = -56 - m. Calculate l(v).
0
Let f(t) be the first derivative of -t**4/4 + 2*t**3/3 + 25*t + 3813. Determine f(0).
25
Let v = 8207 - 8212. Let d(k) = -3*k**3 - 17*k**2 - 11*k - 6. What is d(v)?
-1
Let s be (-298)/(-745) + (-28)/(-5). Let g(o) be the second derivative of 4/3*o**3 + 1/20*o**5 + 0 + 8*o - 7/12*o**4 + 1/2*o**2. Determine g(s).
13
Let q(b) = 23*b + 168. Let i be 3*40/(-4) - -23. Give q(i).
7
Let m(c) = -c**2 + 23*c - 25. Let o be m(16). Let l = o - 93. Let d(k) = k**3 + 6*k**2 - 2*k - 1. Determine d(l).
11
Let g(x) = -x**3 - 5*x**2 - 4*x - 6. Let q(k) = -k**3 - 19*k**2 + 17*k + 15. Let b be q(-20). Let i be b*18/(-351) - 2/13. Give g(i).
-6
Suppose 5*c = 5*g + 25, -5*g - 2 - 8 = 0. Suppose c*u = -2*u - v + 55, 0 = -u + v + 5. Let h(r) = -r**2 + 9*r + 12. Calculate h(u).
2
Let y(m) = 13*m**2 + 2*m - 4. Suppose 202*l = -194*l + 385*l + 22. Calculate y(l).
52
Let w(g) be the first derivative of g**4/4 - g**3/3 + 5*g**2/2 + 6*g + 2082. Give w(0).
6
Let t = 13705 - 9519. Let j(y) = -y - y**3 + t*y**2 + 3 + 0*y**3 - 4180*y**2. Determine j(6).
-3
Let c(w) = 0 - 4 + 14*w**3 + 10 - w**2 - 7 + 3*w + 13*w**3. Give c(1).
28
Let g(i) = 6*i + 4*i - 3*i - 7*i - 3*i + 9*i. Suppose -v - 4*v = -5. What is g(v)?
6
Let o be (42/7)/2 + (1 - -41). Let v = o + -45. Suppose r - 3*t + 19 = v, -5*r - 4*t = t - 5. Let w(q) = -q**2 - 7*q - 5. Calculate w(r).
7
Suppose -9*f + 189 = 63. Suppose f*p = -128 + 30. Let d(v) = 3*v + 14. Calculate d(p).
-7
Let g(d) = 6*d + 96. Let b = 566 - 550. Let n(m) = 2*m + 31. Let s(k) = b*n(k) - 5*g(k). Give s(-7).
2
Suppose -4 = -n, 4*f - 6*f = n - 156. Let u = 81 - f. Let q(s) = -s**2 + 2*s + 6. Calculate q(u).
-9
Let q be 9*(2 + (-8)/6). Suppose r = -3*m + 21 + 10, -3*r + 12 = 0. Let l(p) = m*p - 6 - 10*p + 12. Calculate l(q).
0
Let v = -3392 + 3386. Let h(c) = c**3 + 8*c**2 + 15*c + 7. Determine h(v).
-11
Let u(r) = 53*r - 44. Let s be u(3). Let i(c) = 0*c**2 - s*c - c**2 + 2 + 117*c. Suppose 2*z = 5 + 3. What is i(z)?
-6
Let h(j) be the third derivative of j**4/6 - j**3 - j**2. Let o(b) = -b**3 - 24*b**2 - 24*b - 18. Let d be o(-23). Suppose -d*r - 502 = -527. Give h(r).
14
Let k(j) = 3*j**3 - 43*j**2 + 10*j - 15. Let r(b) = 5*b**3 - 74*b**2 + 17*b - 25. Let h(w) = -17*k(w) + 10*r(w). Calculate h(-9).
5
Let i(o) = -3883*o - 691. Let f(b) = -1372*b - 230. Let v(a) = -17*f(a) + 6*i(a). What is v(9)?
-2
Let o(h) = h + 3. Let t be o(1). Let s(c) = -2 + 1 + t + 51*c - 52*c. Let y be s(1). Let w(f) = -f + 2. What is w(y)?
0
Let i(l) = -16 - 2*l - 110*l**3 - 5*l**2 + 39*l**3 + 38*l**3 + 32*l**3 - 4*l**2. What is i(-9)?
2
Let s(o) = o**2 + 4*o - 23. Suppose 2*m = 5*m + 2*m. Suppose m = 3*w - 1 - 8. Let r be s(w). Let n(f) = -6*f - 2. Determine n(r).
10
Let u = -44 - -43. Let v = 16 + u. Suppose 3 = -l + b, -2*l - 2*l = -b + v. Let w(h) = -h**3 - 4*h**2 + 2*h + 1. Give w(l).
-7
Suppose 5*i + 3*s + 65 = 6*i, -2*s + 204 = 4*i. Suppose -44*g = -i*g + 9. Let w(t) = 21*t**2 + t. Give w(g).
22
Let b(w) be the third derivative of w**5/60 - w**4/3 - 11*w**3/6 + 342*w**2. Suppose 14*c - 10 = 13*c. Determine b(c).
9
Suppose -150 = 7*y + 8*y. Let f(s) = -2*s**3 - s**2 + 3. Let n(g) = -11*g**3 - 15*g**2 + g + 25. Let d(h) = 5*f(h) - n(h). Determine d(y).
0
Let p(o) = 9*o + 87*o**2 + 88*o**2 - 22 + 85*o**2 - 261*o**2 + o. Give p(2).
-6
Let h be ((-1)/2)/((-1)/(-24)). Let x(z) = 302 - 89 - 10*z - 103 - 95 - 8*z + 20*z. Calculate x(h).
-9
Let w(m) = -m**2 - 2*m + 7. Let q(h) = 2*h**2 - 5*h + 6. Let t be q(2). Suppose -t*g + 18 = 2*k, -103 = 4*k + g - 118. Calculate w(k).
-8
Let z(v) = 80*v**3 - 3*v**2 + 64*v + 11. Let c(a) = -27*a**3 + a**2 - 24*a - 4. Let i(p) = -8*c(p) - 3*z(p). What is i(1)?
-24
Let u(t) = t + 3 + 8 - 28 + 24. Suppose 0*w = 5*w + 15. Give u(w).
4
Let g(v) be the first derivative of -v**4/6 - v**3/2 + v**2 + 3*v + 6. Let k(p) be the first derivative of g(p). Suppose -9*q - 1875 + 1848 = 0. Give k(q).
-7
Let b(m) = 285988*m - 40 - 19 + 12 - 286023*m. Give b(-2).
23
Suppose 2*d + 506 - 515 = d. Let q(h) = 17 - h**2 + 0*h**2 - 6 + 11*h - 3*h. What is q(d)?
2
Let z be 12/(-3) - (-1 + -10). Let l(d) = -4 + 81*d - 4 - 21*d - 31*d - 28*d. Determine l(z).
-1
Let z be ((-28)/7 - -3)*0. Let i(k) = -2*k**3 + 7*k**2 - 4*k + 4. Let s(t) = -t**3 + 3*t**2 - 2*t + 2. Let u(m) = -2*i(m) + 5*s(m). Calculate u(z).
2
Suppose 4*m = -363 + 111. Let d = 63 + m. Suppose d*t + 5*q = 5*t - 60, q = -4*t + 23. Let l(b) = -b**2 + 4*b. Calculate l(t).
-21
Let z = 3308 + -3289. Let j(x) = -x**2 + 15*x + 71. Give j(z).
-5
Let y(p) = -p + 1. Let n(v) = 11*v - 6. Let i(r) = -2*n(r) - 10*y(r). Let g be ((-2)/(-5))/((-3)/60) + -931 + 941. What is i(g)?
-22
Suppose -26*u + 30*u - 24 = 0. Let f(r) = 11*r**3 + 7*r**2 + 9*r - 5. Let j(z) = -9*z**3 - 6*z**2 - 8*z + 4. Let i(x) = u*j(x) + 5*f(x). Determine i(-1).
0
Let l(v) = 32*v**3 - 2*v**2 - 4*v - 3. Let i = 20067 + -20068. Give l(i).
-33
Let i(d) be the third derivative of -1/8*d**4 - 2/3*d**3 - 58 - d**2 + 0*d. Give i(-4).
8
Let f(o) = -6 - 13*o + 28 - 5 - 9 - 10. Suppose -1 + 0 = s, w + 2*s + 4 = 0. What is f(w)?
24
Let z be (-3)/(-2) - (-2 + 63/(-18) + -5). Let x(v) = 8*v - 5. What is x(z)?
91
Let i(x) = -2*x. Let m be i(4). Let s(z) = 1559*z + 26*z**2 - 1569*z - 15*z**2 + 8 - 12*z**2. Give s(m).
24
Let c = -4727 - -4714. Let j(b) = -b**3 - 12*b**2 + 8*b - 40. What is j(c)?
25
Let p(r) be the first derivative of -23*r**4/4 + r**3 + 5*r**2/2 + 3*r - 3047. Determine p(-1).
24
Suppose 4*z + v = 142, 12*z - 14*z - v + 72 = 0. Let t(u) = z - 13 - 19 + u. Determine t(-6).
-3
Let a(j) be the second derivative of -1/2*j**3 + 0 + 158*j - 16*j**2. Calculate a(-8).
-8
Let g(n) = 2*n**3 - n**2 - n - 1. Let m be -7*-3*10/35. Suppose 8*s - 10*s = m, b + 2*s + 7 = 0. What is g(b)?
-3
Let f(i) be the third derivative of i**5/60 - i**4/12 - 13*i**3/6 - 1463*i**2. What is f(3)?
-10
Let z(t) = -2*t - 124. Let k(w) = -3*w - 226. Let g(q) = 4*k(q) - 7*z(q). Calculate g(11).
-14
Let b(h) be the second derivative of 55*h**3/6 - 57*h**2/2 - h + 798. What is b(1)?
-2
Let y(v) be the second derivative of v**3/6 - 11*v**2 - 145*v. Determine y(19).
-3
Let v be (-9 - -18)/(6/38). Let k(y) = -30 + v + 4*y - 3*y - 29. Suppose 5*d - b - 7 = -0*d, 4*d + 1 = 3*b. Determine k(d).
0
Let j be 4/(-4 + 160/50). Let t(n) = 2*n + 21. What is t(j)?
11
Let i(s) = 4*s - 7*s - 3*s + 3. Let b(u) = 31*u - 15. Let d(g) = -g**2 - 78*g - 1461. Let f be d(-46). Let p(c) = f*i(c) + 2*b(c). Determine p(3).
-9
Let j(x) be the first derivative of 2*x**3/3 + x**2 - 25*x - 931. What is j(-4)?
-1
Suppose 14*w + 32 = -1452. Let p = -101 - w. Suppose -p*s = 3*d - 27, d = -0 - 1. Let t(k) = k**2 - 8*k. What is t(s)?
-12
Let h(p) = -3*p + 2. Let t = 326 + -318. Give h(t).
-22
Let d(z) = z**2 - 2*z - 12. Let t be d(4). Let b be (-40)/(-15) - t/3. Let o(s) = s**3 - 4*s**2 + 2*s - 3. Calculate o(b).
5
Suppose -5*l - 4*w + 57 + 3 = 0, 2*l - 4*w - 52 = 0. Suppose 5*a - 20 = 3*i, -2*a = 2*a - i - l. Let f(s) = s + 5. Determine f(a).
9
Let z(l) = -3*l**3 - l + 1. Let u(r) = -2*r**3 - 3*r**2 + 3*r - 1. Let s(g) = -u(g) + z(g). Let a be (-4)/7*(-14)/4. Suppose a*m = 4 - 0. Determine s(m).
-2
Let c(g) = g**3 + 7*g**2 + 8*g + 6. Let q be c(-6). Let a(t) be the first derivative of 152 + t**2 - 4*t + 1/3*t**3. Determine a(q).
20
Let i(c) = 6*c**3 + 11*c**2 - 9*c + 54. Let l(w) = 17*w**3 + 32*w**2 - 26*w + 148. Let t(f) = -11*i(f) + 4*l(f). Give t(-4).
2
Let p(v) = -2*v**3 - 8*v**2 + 34*v + 46. Let f(j) = j**3 + 4*j**2 - 17*j - 22. Let a(z) = -9*f(z) - 4*p(z). Calculate a(-6).
-16
Let x(b) = b**2 - 1 - 2 - b + 0*b**2 - 2. Let j(z) = z**3 + 26*z**2 + 46*z - 48. Let c(y) = 22*y + 42. Let w be c(-3). Let r be j(w). Give x(r).
-5
Let l(j) = 1 + j**2 - 615*j - 6 - 618*j - 10 + 1215*j. Determine l(17).
-32
Suppose 0 = -5*t + 4*k 